are the prime factors of 200182352?
2, 73, 367, 467
What are the prime factors of 407493708?
2, 3, 71, 463, 1033
What are the prime factors of 1528304554?
2, 7, 109164611
What are the prime factors of 241370527?
241370527
What are the prime factors of 132293445?
3, 5, 61, 144583
What are the prime factors of 1287699383?
29, 5953, 7459
List the prime factors of 239927203.
37, 41, 109, 1451
What are the prime factors of 6807691?
11, 53, 11677
What are the prime factors of 672900200?
2, 5, 7, 19, 41, 617
List the prime factors of 84873869.
47, 1805827
List the prime factors of 58445376.
2, 3, 11, 27673
What are the prime factors of 56460803?
7, 8065829
List the prime factors of 131959099.
2557, 51607
What are the prime factors of 252431991?
3, 7, 1335619
List the prime factors of 20334489.
3, 7, 419, 2311
List the prime factors of 69368201.
7, 823, 12041
What are the prime factors of 73348947?
3, 7, 571, 2039
List the prime factors of 56302796.
2, 11, 1279609
What are the prime factors of 77322586?
2, 11, 3514663
What are the prime factors of 910965650?
2, 5, 7, 311, 8369
List the prime factors of 510427086.
2, 3, 13, 23, 29, 9811
What are the prime factors of 1268581686?
2, 3, 211430281
What are the prime factors of 2814342168?
2, 3, 11, 19, 131, 4283
List the prime factors of 52471362.
2, 3, 8745227
List the prime factors of 55251164.
2, 19, 726989
List the prime factors of 3407570264.
2, 7, 60849469
List the prime factors of 28164816.
2, 3, 317, 617
What are the prime factors of 148226920?
2, 5, 109, 33997
List the prime factors of 47605149.
3, 5289461
What are the prime factors of 3476402478?
2, 3, 89, 2170039
What are the prime factors of 87250425?
3, 5, 1163339
List the prime factors of 146073023.
23, 31, 204871
What are the prime factors of 91146704?
2, 11, 113, 4583
List the prime factors of 1381649.
1381649
List the prime factors of 683089030.
2, 5, 13, 31, 169501
List the prime factors of 1893158924.
2, 9181, 51551
List the prime factors of 176371754.
2, 13, 6783529
What are the prime factors of 13132352?
2, 449, 457
What are the prime factors of 296908691?
67, 193, 22961
List the prime factors of 663516166.
2, 691, 480113
What are the prime factors of 4274367576?
2, 3, 37, 4813477
List the prime factors of 1690162348.
2, 7, 60362941
List the prime factors of 153616705.
5, 11, 839, 3329
What are the prime factors of 155991217?
269, 579893
List the prime factors of 962614373.
7, 4621, 29759
List the prime factors of 2346445583.
31, 4721, 16033
List the prime factors of 3610923892.
2, 1153, 782941
What are the prime factors of 773146533?
3, 257715511
What are the prime factors of 285748712?
2, 35718589
What are the prime factors of 1659282856?
2, 7, 11, 337, 7993
What are the prime factors of 94141796?
2, 7, 3362207
What are the prime factors of 49358250?
2, 3, 5, 21937
List the prime factors of 97540637.
97540637
What are the prime factors of 237470056?
2, 19, 257, 6079
What are the prime factors of 5893270417?
5893270417
What are the prime factors of 182274522?
2, 3, 30379087
What are the prime factors of 60766099?
37, 1642327
What are the prime factors of 94759242?
2, 3, 15793207
What are the prime factors of 9730132?
2, 2432533
What are the prime factors of 74484152?
2, 2399, 3881
What are the prime factors of 53280863?
919, 57977
List the prime factors of 769912828.
2, 47, 79, 51839
List the prime factors of 24791159.
163, 152093
List the prime factors of 39584210.
2, 5, 31, 127691
What are the prime factors of 1926267439?
1926267439
List the prime factors of 38419314.
2, 3, 6403219
What are the prime factors of 1642176649?
29, 41, 1381141
What are the prime factors of 6679632?
2, 3, 31, 67
List the prime factors of 1359930.
2, 3, 5, 11, 13, 317
What are the prime factors of 25098806?
2, 41, 306083
What are the prime factors of 917631023?
23, 4273, 9337
What are the prime factors of 1020044855?
5, 204008971
What are the prime factors of 48620999?
7, 6945857
What are the prime factors of 2969445?
3, 5, 197963
List the prime factors of 45532855.
5, 1549, 5879
List the prime factors of 63120249.
3, 311, 7517
What are the prime factors of 3959754985?
5, 37, 21404081
List the prime factors of 4595933146.
2, 7, 6699611
What are the prime factors of 908579048?
2, 13, 29, 71, 4243
List the prime factors of 711607632.
2, 3, 331, 44789
What are the prime factors of 992746085?
5, 181, 1096957
List the prime factors of 211510781.
419, 504799
List the prime factors of 429620060.
2, 5, 21481003
List the prime factors of 792867206.
2, 829, 478207
What are the prime factors of 118576844?
2, 829, 35759
What are the prime factors of 60800740?
2, 5, 7, 11, 13, 3037
What are the prime factors of 113563901?
11, 10323991
What are the prime factors of 320213200?
2, 5, 800533
List the prime factors of 471251340.
2, 3, 5, 7, 374009
What are the prime factors of 3496544844?
2, 3, 13, 19, 37, 31883
List the prime factors of 5702179112.
2, 7, 181, 457, 1231
List the prime factors of 2728331925.
3, 5, 11, 1489, 2221
What are the prime factors of 1548266014?
2, 774133007
What are the prime factors of 522225622?
2, 37, 7057103
List the prime factors of 1567289213.
7, 47, 4763797
List the prime factors of 52985876.
2, 13246469
What are the prime factors of 4429092580?
2, 5, 11, 887, 22697
List the prime factors of 297811316.
2, 11, 103, 65713
What are the prime factors of 3847472432?
2, 613, 392279
List the prime factors of 528676698.
2, 3, 11, 59, 137, 991
List the prime factors of 355218874.
2, 177609437
What are the prime factors of 224790632?
2, 11, 2554439
What are the prime factors of 1407082009?
577, 2438617
List the prime factors of 248682492.
2, 3, 6907847
What are the prime factors of 165148654?
2, 11, 7506757
What are the prime factors of 1513572021?
3, 13, 4312171
What are the prime factors of 3245129135?
5, 31, 20936317
List the prime factors of 3117861495.
3, 5, 7, 9897973
What are the prime factors of 1072380145?
5, 17, 12616237
List the prime factors of 3680367676.
2, 1301, 707219
What are the prime factors of 36974528?
2, 71, 79, 103
What are the prime factors of 3683086326?
2, 3, 4933, 41479
List the prime factors of 70439900.
2, 5, 704399
List the prime factors of 1224658363.
9479, 129197
List the prime factors of 236441159.
236441159
List the prime factors of 265993101.
3, 11, 17, 158047
What are the prime factors of 837729079?
11, 76157189
What are the prime factors of 714772198?
2, 7, 107, 251, 1901
What are the prime factors of 985414915?
5, 4691, 42013
List the prime factors of 18525065.
5, 13, 103, 2767
List the prime factors of 147009224.
2, 2909, 6317
What are the prime factors of 32766935?
5, 6553387
List the prime factors of 5558666.
2, 179, 15527
List the prime factors of 235092211.
337, 697603
List the prime factors of 119119293.
3, 13235477
List the prime factors of 31470184.
2, 3933773
List the prime factors of 82538432.
2, 19, 103, 659
What are the prime factors of 83311373?
17, 4900669
List the prime factors of 1300786486.
2, 1279, 508517
List the prime factors of 248032439.
1181, 210019
List the prime factors of 214796453.
397, 541049
What are the prime factors of 1135090449?
3, 42040387
What are the prime factors of 958520587?
73, 13130419
List the prime factors of 50944691.
7, 97, 75029
List the prime factors of 395288335.
5, 13, 17, 357727
What are the prime factors of 380166603?
3, 109, 1162589
What are the prime factors of 211897317?
3, 70632439
What are the prime factors of 779119506?
2, 3, 11, 83, 15803
What are the prime factors of 91226666?
2, 541, 84313
What are the prime factors of 1106263505?
5, 19, 211, 229, 241
List the prime factors of 132895661.
29, 5449
List the prime factors of 141717675.
3, 5, 11, 19, 9041
What are the prime factors of 327527528?
2, 40940941
What are the prime factors of 404247962?
2, 202123981
List the prime factors of 1054438031.
2741, 384691
List the prime factors of 331906579.
14011, 23689
What are the prime factors of 46368465?
3, 5, 11, 13, 21617
List the prime factors of 402435906.
2, 3, 431, 155621
What are the prime factors of 1228458938?
2, 7, 87747067
List the prime factors of 371125149.
3, 31, 3990593
What are the prime factors of 249313065?
3, 5, 127, 130873
What are the prime